{"id":105,"date":"2020-06-24T07:16:32","date_gmt":"2020-06-24T07:16:32","guid":{"rendered":"https:\/\/jupiterx.artbees.net\/accountant\/?page_id=105"},"modified":"2024-05-27T11:45:20","modified_gmt":"2024-05-27T11:45:20","slug":"blog","status":"publish","type":"page","link":"https:\/\/financas.es\/?page_id=105","title":{"rendered":"Blog"},"content":{"rendered":"\t\t<div data-elementor-type=\"wp-page\" data-elementor-id=\"105\" class=\"elementor elementor-105\">\n\t\t\t\t\t\t<section class=\"elementor-section elementor-top-section elementor-element elementor-element-cb73e6e elementor-section-boxed elementor-section-height-default elementor-section-height-default\" data-id=\"cb73e6e\" data-element_type=\"section\" data-settings=\"{&quot;jet_parallax_layout_list&quot;:[{&quot;jet_parallax_layout_image&quot;:{&quot;url&quot;:&quot;&quot;,&quot;id&quot;:&quot;&quot;,&quot;size&quot;:&quot;&quot;},&quot;_id&quot;:&quot;bd17729&quot;,&quot;jet_parallax_layout_speed&quot;:{&quot;unit&quot;:&quot;%&quot;,&quot;size&quot;:&quot;50&quot;,&quot;sizes&quot;:[]},&quot;jet_parallax_layout_bg_x&quot;:&quot;50&quot;,&quot;jet_parallax_layout_bg_y&quot;:&quot;50&quot;,&quot;jet_parallax_layout_image_tablet&quot;:{&quot;url&quot;:&quot;&quot;,&quot;id&quot;:&quot;&quot;,&quot;size&quot;:&quot;&quot;},&quot;jet_parallax_layout_image_mobile&quot;:{&quot;url&quot;:&quot;&quot;,&quot;id&quot;:&quot;&quot;,&quot;size&quot;:&quot;&quot;},&quot;jet_parallax_layout_type&quot;:&quot;scroll&quot;,&quot;jet_parallax_layout_direction&quot;:null,&quot;jet_parallax_layout_fx_direction&quot;:null,&quot;jet_parallax_layout_z_index&quot;:&quot;&quot;,&quot;jet_parallax_layout_bg_x_tablet&quot;:&quot;&quot;,&quot;jet_parallax_layout_bg_x_mobile&quot;:&quot;&quot;,&quot;jet_parallax_layout_bg_y_tablet&quot;:&quot;&quot;,&quot;jet_parallax_layout_bg_y_mobile&quot;:&quot;&quot;,&quot;jet_parallax_layout_bg_size&quot;:&quot;auto&quot;,&quot;jet_parallax_layout_bg_size_tablet&quot;:&quot;&quot;,&quot;jet_parallax_layout_bg_size_mobile&quot;:&quot;&quot;,&quot;jet_parallax_layout_animation_prop&quot;:&quot;transform&quot;,&quot;jet_parallax_layout_on&quot;:[&quot;desktop&quot;,&quot;tablet&quot;]}],&quot;background_background&quot;:&quot;classic&quot;}\">\n\t\t\t\t\t\t\t<div class=\"elementor-background-overlay\"><\/div>\n\t\t\t\t\t\t\t<div class=\"elementor-container elementor-column-gap-no\">\n\t\t\t\t\t<div class=\"elementor-column elementor-col-50 elementor-top-column elementor-element elementor-element-b58296d\" data-id=\"b58296d\" data-element_type=\"column\">\n\t\t\t<div class=\"elementor-widget-wrap elementor-element-populated\">\n\t\t\t\t\t\t<div class=\"elementor-element elementor-element-4c52786 elementor-widget elementor-widget-heading\" data-id=\"4c52786\" data-element_type=\"widget\" data-widget_type=\"heading.default\">\n\t\t\t\t<div class=\"elementor-widget-container\">\n\t\t\t<style>\/*! elementor - v3.21.0 - 20-05-2024 *\/\n.elementor-heading-title{padding:0;margin:0;line-height:1}.elementor-widget-heading .elementor-heading-title[class*=elementor-size-]>a{color:inherit;font-size:inherit;line-height:inherit}.elementor-widget-heading .elementor-heading-title.elementor-size-small{font-size:15px}.elementor-widget-heading .elementor-heading-title.elementor-size-medium{font-size:19px}.elementor-widget-heading .elementor-heading-title.elementor-size-large{font-size:29px}.elementor-widget-heading .elementor-heading-title.elementor-size-xl{font-size:39px}.elementor-widget-heading .elementor-heading-title.elementor-size-xxl{font-size:59px}<\/style><h1 class=\"elementor-heading-title elementor-size-default\">Blog<\/h1>\t\t<\/div>\n\t\t\t\t<\/div>\n\t\t\t\t<div class=\"elementor-element elementor-element-03e199f elementor-widget elementor-widget-text-editor\" data-id=\"03e199f\" data-element_type=\"widget\" data-widget_type=\"text-editor.default\">\n\t\t\t\t<div class=\"elementor-widget-container\">\n\t\t\t<style>\/*! elementor - v3.21.0 - 20-05-2024 *\/\n.elementor-widget-text-editor.elementor-drop-cap-view-stacked .elementor-drop-cap{background-color:#69727d;color:#fff}.elementor-widget-text-editor.elementor-drop-cap-view-framed .elementor-drop-cap{color:#69727d;border:3px solid;background-color:transparent}.elementor-widget-text-editor:not(.elementor-drop-cap-view-default) .elementor-drop-cap{margin-top:8px}.elementor-widget-text-editor:not(.elementor-drop-cap-view-default) .elementor-drop-cap-letter{width:1em;height:1em}.elementor-widget-text-editor .elementor-drop-cap{float:left;text-align:center;line-height:1;font-size:50px}.elementor-widget-text-editor .elementor-drop-cap-letter{display:inline-block}<\/style>\t\t\t\t<p>Consulta nuestras \u00faltimas noticias y art\u00edculos sobre finanzas y emprendimiento.<\/p>\t\t\t\t\t\t<\/div>\n\t\t\t\t<\/div>\n\t\t\t\t\t<\/div>\n\t\t<\/div>\n\t\t\t\t<div class=\"elementor-column elementor-col-50 elementor-top-column elementor-element elementor-element-a9631bc\" data-id=\"a9631bc\" data-element_type=\"column\">\n\t\t\t<div class=\"elementor-widget-wrap\">\n\t\t\t\t\t\t\t<\/div>\n\t\t<\/div>\n\t\t\t\t\t<\/div>\n\t\t<\/section>\n\t\t\t\t<section class=\"elementor-section elementor-top-section elementor-element elementor-element-f0bc9b8 elementor-section-boxed elementor-section-height-default elementor-section-height-default\" data-id=\"f0bc9b8\" data-element_type=\"section\" data-settings=\"{&quot;jet_parallax_layout_list&quot;:[{&quot;jet_parallax_layout_image&quot;:{&quot;url&quot;:&quot;&quot;,&quot;id&quot;:&quot;&quot;,&quot;size&quot;:&quot;&quot;},&quot;_id&quot;:&quot;3d98b3c&quot;,&quot;jet_parallax_layout_speed&quot;:{&quot;unit&quot;:&quot;%&quot;,&quot;size&quot;:&quot;50&quot;,&quot;sizes&quot;:[]},&quot;jet_parallax_layout_bg_x&quot;:&quot;50&quot;,&quot;jet_parallax_layout_bg_y&quot;:&quot;50&quot;,&quot;jet_parallax_layout_image_tablet&quot;:{&quot;url&quot;:&quot;&quot;,&quot;id&quot;:&quot;&quot;,&quot;size&quot;:&quot;&quot;},&quot;jet_parallax_layout_image_mobile&quot;:{&quot;url&quot;:&quot;&quot;,&quot;id&quot;:&quot;&quot;,&quot;size&quot;:&quot;&quot;},&quot;jet_parallax_layout_type&quot;:&quot;scroll&quot;,&quot;jet_parallax_layout_direction&quot;:null,&quot;jet_parallax_layout_fx_direction&quot;:null,&quot;jet_parallax_layout_z_index&quot;:&quot;&quot;,&quot;jet_parallax_layout_bg_x_tablet&quot;:&quot;&quot;,&quot;jet_parallax_layout_bg_x_mobile&quot;:&quot;&quot;,&quot;jet_parallax_layout_bg_y_tablet&quot;:&quot;&quot;,&quot;jet_parallax_layout_bg_y_mobile&quot;:&quot;&quot;,&quot;jet_parallax_layout_bg_size&quot;:&quot;auto&quot;,&quot;jet_parallax_layout_bg_size_tablet&quot;:&quot;&quot;,&quot;jet_parallax_layout_bg_size_mobile&quot;:&quot;&quot;,&quot;jet_parallax_layout_animation_prop&quot;:&quot;transform&quot;,&quot;jet_parallax_layout_on&quot;:[&quot;desktop&quot;,&quot;tablet&quot;]}]}\">\n\t\t\t\t\t\t<div class=\"elementor-container elementor-column-gap-no\">\n\t\t\t\t\t<div class=\"elementor-column elementor-col-100 elementor-top-column elementor-element elementor-element-5ab43f2\" data-id=\"5ab43f2\" data-element_type=\"column\">\n\t\t\t<div class=\"elementor-widget-wrap elementor-element-populated\">\n\t\t\t\t\t\t<div class=\"elementor-element elementor-element-a55a678 elementor-widget elementor-widget-heading\" data-id=\"a55a678\" data-element_type=\"widget\" data-widget_type=\"heading.default\">\n\t\t\t\t<div class=\"elementor-widget-container\">\n\t\t\t<h2 class=\"elementor-heading-title elementor-size-default\">\u00daltimas Noticias<\/h2>\t\t<\/div>\n\t\t\t\t<\/div>\n\t\t\t\t<div class=\"elementor-element elementor-element-05c79ff elementor-widget elementor-widget-text-editor\" data-id=\"05c79ff\" data-element_type=\"widget\" data-widget_type=\"text-editor.default\">\n\t\t\t\t<div class=\"elementor-widget-container\">\n\t\t\t\t\t\t\t<p>Con las estrategias y consejos sobre negocios online, podr\u00e1s conseguir tus objetivos y construir una plataforma digital que te aporte valor.<\/p>\t\t\t\t\t\t<\/div>\n\t\t\t\t<\/div>\n\t\t\t\t\t<\/div>\n\t\t<\/div>\n\t\t\t\t\t<\/div>\n\t\t<\/section>\n\t\t\t\t<section class=\"elementor-section elementor-top-section elementor-element elementor-element-9013b46 elementor-section-boxed elementor-section-height-default elementor-section-height-default\" data-id=\"9013b46\" data-element_type=\"section\" data-settings=\"{&quot;jet_parallax_layout_list&quot;:[{&quot;jet_parallax_layout_image&quot;:{&quot;url&quot;:&quot;&quot;,&quot;id&quot;:&quot;&quot;,&quot;size&quot;:&quot;&quot;},&quot;_id&quot;:&quot;7ef725d&quot;,&quot;jet_parallax_layout_speed&quot;:{&quot;unit&quot;:&quot;%&quot;,&quot;size&quot;:&quot;50&quot;,&quot;sizes&quot;:[]},&quot;jet_parallax_layout_bg_x&quot;:&quot;50&quot;,&quot;jet_parallax_layout_bg_y&quot;:&quot;50&quot;,&quot;jet_parallax_layout_image_tablet&quot;:{&quot;url&quot;:&quot;&quot;,&quot;id&quot;:&quot;&quot;,&quot;size&quot;:&quot;&quot;},&quot;jet_parallax_layout_image_mobile&quot;:{&quot;url&quot;:&quot;&quot;,&quot;id&quot;:&quot;&quot;,&quot;size&quot;:&quot;&quot;},&quot;jet_parallax_layout_type&quot;:&quot;scroll&quot;,&quot;jet_parallax_layout_direction&quot;:null,&quot;jet_parallax_layout_fx_direction&quot;:null,&quot;jet_parallax_layout_z_index&quot;:&quot;&quot;,&quot;jet_parallax_layout_bg_x_tablet&quot;:&quot;&quot;,&quot;jet_parallax_layout_bg_x_mobile&quot;:&quot;&quot;,&quot;jet_parallax_layout_bg_y_tablet&quot;:&quot;&quot;,&quot;jet_parallax_layout_bg_y_mobile&quot;:&quot;&quot;,&quot;jet_parallax_layout_bg_size&quot;:&quot;auto&quot;,&quot;jet_parallax_layout_bg_size_tablet&quot;:&quot;&quot;,&quot;jet_parallax_layout_bg_size_mobile&quot;:&quot;&quot;,&quot;jet_parallax_layout_animation_prop&quot;:&quot;transform&quot;,&quot;jet_parallax_layout_on&quot;:[&quot;desktop&quot;,&quot;tablet&quot;]}],&quot;background_background&quot;:&quot;classic&quot;}\">\n\t\t\t\t\t\t<div class=\"elementor-container elementor-column-gap-no\">\n\t\t\t\t\t<div class=\"elementor-column elementor-col-100 elementor-top-column elementor-element elementor-element-e5d56c1\" data-id=\"e5d56c1\" data-element_type=\"column\">\n\t\t\t<div class=\"elementor-widget-wrap elementor-element-populated\">\n\t\t\t\t\t\t<div class=\"elementor-element elementor-element-44d67db elementor-widget elementor-widget-raven-posts\" data-id=\"44d67db\" data-element_type=\"widget\" data-settings=\"{&quot;_skin&quot;:&quot;cover&quot;,&quot;query_posts_per_page&quot;:&quot;9&quot;,&quot;cover_layout&quot;:&quot;grid&quot;,&quot;cover_columns&quot;:&quot;3&quot;,&quot;cover_columns_tablet&quot;:&quot;2&quot;,&quot;cover_columns_mobile&quot;:&quot;1&quot;,&quot;query_offset&quot;:0}\" data-widget_type=\"raven-posts.cover\">\n\t\t\t\t<div class=\"elementor-widget-container\">\n\t\t\t\t\t<div class=\"raven-posts raven-grid raven-grid-3 raven-grid-mobile-1 raven-grid-tablet-2\" data-post-id=\"105\" data-archive-query=\"\" data-lang=\"\">\n\t\t\t\t<div class=\"raven-grid-item raven-post-item post-95 post type-post status-publish format-standard has-post-thumbnail hentry category-design tag-branding tag-business tag-photography\">\n\t\t\t<div class=\"raven-post raven-post-inside\">\n\t\t\t\t\t\t<div class=\"raven-post-image-wrap\">\n\t\t\t<div class=\"raven-post-image raven-image-fit\" ><span class=\"raven-post-image-overlay\"><\/span> <img fetchpriority=\"high\" decoding=\"async\" width=\"1024\" height=\"576\" src=\"https:\/\/financas.es\/wp-content\/uploads\/2020\/06\/shutterstock_1659588760-1024x576.jpg\" class=\"attachment-large size-large wp-image-86\" alt=\"\" srcset=\"https:\/\/financas.es\/wp-content\/uploads\/2020\/06\/shutterstock_1659588760-1024x576.jpg 1024w, https:\/\/financas.es\/wp-content\/uploads\/2020\/06\/shutterstock_1659588760-300x169.jpg 300w, https:\/\/financas.es\/wp-content\/uploads\/2020\/06\/shutterstock_1659588760-768x432.jpg 768w, https:\/\/financas.es\/wp-content\/uploads\/2020\/06\/shutterstock_1659588760-1536x864.jpg 1536w, https:\/\/financas.es\/wp-content\/uploads\/2020\/06\/shutterstock_1659588760.jpg 1920w\" sizes=\"(max-width: 1024px) 100vw, 1024px\" \/><\/div>\t\t<\/div>\n\t\t\t\t\t\t\t<div class=\"raven-post-content\">\n\t\t\t\t\t\t<h4 class=\"raven-post-title\"><a class=\"raven-post-title-link\" href=\"https:\/\/financas.es\/?p=95\">There Was No Obvious 2019 AwardsBait, And That\u2019s a Good<\/a><\/h4>\t\t<div class=\"raven-post-read-more\">\n\t\t\t<a class=\"raven-post-button\" href=\"https:\/\/financas.es\/?p=95\"><span class=\"raven-post-button-text\">&gt; Read More<\/span><\/a>\n\t\t<\/div>\n\t\t\t\t\t\t\t<\/div>\n\t\t\t\t\t\t\t\t<\/div>\n\t\t<\/div>\n\t\t\t\t<div class=\"raven-grid-item raven-post-item post-89 post type-post status-publish format-standard has-post-thumbnail hentry category-design tag-branding tag-business tag-photography\">\n\t\t\t<div class=\"raven-post raven-post-inside\">\n\t\t\t\t\t\t<div class=\"raven-post-image-wrap\">\n\t\t\t<div class=\"raven-post-image raven-image-fit\" ><span class=\"raven-post-image-overlay\"><\/span> <img decoding=\"async\" width=\"1024\" height=\"576\" src=\"https:\/\/financas.es\/wp-content\/uploads\/2020\/06\/shutterstock_1659588742-1024x576.jpg\" class=\"attachment-large size-large wp-image-84\" alt=\"\" srcset=\"https:\/\/financas.es\/wp-content\/uploads\/2020\/06\/shutterstock_1659588742-1024x576.jpg 1024w, https:\/\/financas.es\/wp-content\/uploads\/2020\/06\/shutterstock_1659588742-300x169.jpg 300w, https:\/\/financas.es\/wp-content\/uploads\/2020\/06\/shutterstock_1659588742-768x432.jpg 768w, https:\/\/financas.es\/wp-content\/uploads\/2020\/06\/shutterstock_1659588742-1536x864.jpg 1536w, https:\/\/financas.es\/wp-content\/uploads\/2020\/06\/shutterstock_1659588742.jpg 1920w\" sizes=\"(max-width: 1024px) 100vw, 1024px\" \/><\/div>\t\t<\/div>\n\t\t\t\t\t\t\t<div class=\"raven-post-content\">\n\t\t\t\t\t\t<h4 class=\"raven-post-title\"><a class=\"raven-post-title-link\" href=\"https:\/\/financas.es\/?p=89\">There Was No Obvious 2019 AwardsBait, And That\u2019s a Good<\/a><\/h4>\t\t<div class=\"raven-post-read-more\">\n\t\t\t<a class=\"raven-post-button\" href=\"https:\/\/financas.es\/?p=89\"><span class=\"raven-post-button-text\">&gt; Read More<\/span><\/a>\n\t\t<\/div>\n\t\t\t\t\t\t\t<\/div>\n\t\t\t\t\t\t\t\t<\/div>\n\t\t<\/div>\n\t\t\t\t<div class=\"raven-grid-item raven-post-item post-90 post type-post status-publish format-standard has-post-thumbnail hentry category-design tag-branding tag-business tag-photography\">\n\t\t\t<div class=\"raven-post raven-post-inside\">\n\t\t\t\t\t\t<div class=\"raven-post-image-wrap\">\n\t\t\t<div class=\"raven-post-image raven-image-fit\" ><span class=\"raven-post-image-overlay\"><\/span> <img decoding=\"async\" width=\"1024\" height=\"576\" src=\"https:\/\/financas.es\/wp-content\/uploads\/2020\/06\/shutterstock_1548847457-1024x576.jpg\" class=\"attachment-large size-large wp-image-83\" alt=\"\" srcset=\"https:\/\/financas.es\/wp-content\/uploads\/2020\/06\/shutterstock_1548847457-1024x576.jpg 1024w, https:\/\/financas.es\/wp-content\/uploads\/2020\/06\/shutterstock_1548847457-300x169.jpg 300w, https:\/\/financas.es\/wp-content\/uploads\/2020\/06\/shutterstock_1548847457-768x432.jpg 768w, https:\/\/financas.es\/wp-content\/uploads\/2020\/06\/shutterstock_1548847457-1536x864.jpg 1536w, https:\/\/financas.es\/wp-content\/uploads\/2020\/06\/shutterstock_1548847457.jpg 1920w\" sizes=\"(max-width: 1024px) 100vw, 1024px\" \/><\/div>\t\t<\/div>\n\t\t\t\t\t\t\t<div class=\"raven-post-content\">\n\t\t\t\t\t\t<h4 class=\"raven-post-title\"><a class=\"raven-post-title-link\" href=\"https:\/\/financas.es\/?p=90\">There Was No Obvious 2019 AwardsBait, And That\u2019s a Good<\/a><\/h4>\t\t<div class=\"raven-post-read-more\">\n\t\t\t<a class=\"raven-post-button\" href=\"https:\/\/financas.es\/?p=90\"><span class=\"raven-post-button-text\">&gt; Read More<\/span><\/a>\n\t\t<\/div>\n\t\t\t\t\t\t\t<\/div>\n\t\t\t\t\t\t\t\t<\/div>\n\t\t<\/div>\n\t\t\t\t<div class=\"raven-grid-item raven-post-item post-91 post type-post status-publish format-standard has-post-thumbnail hentry category-design tag-branding tag-business tag-photography\">\n\t\t\t<div class=\"raven-post raven-post-inside\">\n\t\t\t\t\t\t<div class=\"raven-post-image-wrap\">\n\t\t\t<div class=\"raven-post-image raven-image-fit\" ><span class=\"raven-post-image-overlay\"><\/span> <img loading=\"lazy\" decoding=\"async\" width=\"1024\" height=\"576\" src=\"https:\/\/financas.es\/wp-content\/uploads\/2020\/06\/shutterstock_1507120901-1024x576.jpg\" class=\"attachment-large size-large wp-image-82\" alt=\"\" srcset=\"https:\/\/financas.es\/wp-content\/uploads\/2020\/06\/shutterstock_1507120901-1024x576.jpg 1024w, https:\/\/financas.es\/wp-content\/uploads\/2020\/06\/shutterstock_1507120901-300x169.jpg 300w, https:\/\/financas.es\/wp-content\/uploads\/2020\/06\/shutterstock_1507120901-768x432.jpg 768w, https:\/\/financas.es\/wp-content\/uploads\/2020\/06\/shutterstock_1507120901-1536x864.jpg 1536w, https:\/\/financas.es\/wp-content\/uploads\/2020\/06\/shutterstock_1507120901.jpg 1920w\" sizes=\"(max-width: 1024px) 100vw, 1024px\" \/><\/div>\t\t<\/div>\n\t\t\t\t\t\t\t<div class=\"raven-post-content\">\n\t\t\t\t\t\t<h4 class=\"raven-post-title\"><a class=\"raven-post-title-link\" href=\"https:\/\/financas.es\/?p=91\">There Was No Obvious 2019 AwardsBait, And That\u2019s a Good<\/a><\/h4>\t\t<div class=\"raven-post-read-more\">\n\t\t\t<a class=\"raven-post-button\" href=\"https:\/\/financas.es\/?p=91\"><span class=\"raven-post-button-text\">&gt; Read More<\/span><\/a>\n\t\t<\/div>\n\t\t\t\t\t\t\t<\/div>\n\t\t\t\t\t\t\t\t<\/div>\n\t\t<\/div>\n\t\t\t\t<div class=\"raven-grid-item raven-post-item post-92 post type-post status-publish format-standard has-post-thumbnail hentry category-design tag-branding tag-business tag-photography\">\n\t\t\t<div class=\"raven-post raven-post-inside\">\n\t\t\t\t\t\t<div class=\"raven-post-image-wrap\">\n\t\t\t<div class=\"raven-post-image raven-image-fit\" ><span class=\"raven-post-image-overlay\"><\/span> <img loading=\"lazy\" decoding=\"async\" width=\"1024\" height=\"576\" src=\"https:\/\/financas.es\/wp-content\/uploads\/2020\/06\/shutterstock_1506073187-1024x576.jpg\" class=\"attachment-large size-large wp-image-81\" alt=\"\" srcset=\"https:\/\/financas.es\/wp-content\/uploads\/2020\/06\/shutterstock_1506073187-1024x576.jpg 1024w, https:\/\/financas.es\/wp-content\/uploads\/2020\/06\/shutterstock_1506073187-300x169.jpg 300w, https:\/\/financas.es\/wp-content\/uploads\/2020\/06\/shutterstock_1506073187-768x432.jpg 768w, https:\/\/financas.es\/wp-content\/uploads\/2020\/06\/shutterstock_1506073187-1536x864.jpg 1536w, https:\/\/financas.es\/wp-content\/uploads\/2020\/06\/shutterstock_1506073187.jpg 1920w\" sizes=\"(max-width: 1024px) 100vw, 1024px\" \/><\/div>\t\t<\/div>\n\t\t\t\t\t\t\t<div class=\"raven-post-content\">\n\t\t\t\t\t\t<h4 class=\"raven-post-title\"><a class=\"raven-post-title-link\" href=\"https:\/\/financas.es\/?p=92\">There Was No Obvious 2019 AwardsBait, And That\u2019s a Good<\/a><\/h4>\t\t<div class=\"raven-post-read-more\">\n\t\t\t<a class=\"raven-post-button\" href=\"https:\/\/financas.es\/?p=92\"><span class=\"raven-post-button-text\">&gt; Read More<\/span><\/a>\n\t\t<\/div>\n\t\t\t\t\t\t\t<\/div>\n\t\t\t\t\t\t\t\t<\/div>\n\t\t<\/div>\n\t\t\t\t<div class=\"raven-grid-item raven-post-item post-94 post type-post status-publish format-standard has-post-thumbnail hentry category-design tag-branding tag-business tag-photography\">\n\t\t\t<div class=\"raven-post raven-post-inside\">\n\t\t\t\t\t\t<div class=\"raven-post-image-wrap\">\n\t\t\t<div class=\"raven-post-image raven-image-fit\" ><span class=\"raven-post-image-overlay\"><\/span> <img loading=\"lazy\" decoding=\"async\" width=\"1024\" height=\"576\" src=\"https:\/\/financas.es\/wp-content\/uploads\/2020\/06\/shutterstock_1459535468-1024x576.jpg\" class=\"attachment-large size-large wp-image-80\" alt=\"\" srcset=\"https:\/\/financas.es\/wp-content\/uploads\/2020\/06\/shutterstock_1459535468-1024x576.jpg 1024w, https:\/\/financas.es\/wp-content\/uploads\/2020\/06\/shutterstock_1459535468-300x169.jpg 300w, https:\/\/financas.es\/wp-content\/uploads\/2020\/06\/shutterstock_1459535468-768x432.jpg 768w, https:\/\/financas.es\/wp-content\/uploads\/2020\/06\/shutterstock_1459535468-1536x864.jpg 1536w, https:\/\/financas.es\/wp-content\/uploads\/2020\/06\/shutterstock_1459535468.jpg 1920w\" sizes=\"(max-width: 1024px) 100vw, 1024px\" \/><\/div>\t\t<\/div>\n\t\t\t\t\t\t\t<div class=\"raven-post-content\">\n\t\t\t\t\t\t<h4 class=\"raven-post-title\"><a class=\"raven-post-title-link\" href=\"https:\/\/financas.es\/?p=94\">There Was No Obvious 2019 AwardsBait, And That\u2019s a Good<\/a><\/h4>\t\t<div class=\"raven-post-read-more\">\n\t\t\t<a class=\"raven-post-button\" href=\"https:\/\/financas.es\/?p=94\"><span class=\"raven-post-button-text\">&gt; Read More<\/span><\/a>\n\t\t<\/div>\n\t\t\t\t\t\t\t<\/div>\n\t\t\t\t\t\t\t\t<\/div>\n\t\t<\/div>\n\t\t\t\t<div class=\"raven-grid-item raven-post-item post-93 post type-post status-publish format-standard has-post-thumbnail hentry category-design tag-branding tag-business tag-photography\">\n\t\t\t<div class=\"raven-post raven-post-inside\">\n\t\t\t\t\t\t<div class=\"raven-post-image-wrap\">\n\t\t\t<div class=\"raven-post-image raven-image-fit\" ><span class=\"raven-post-image-overlay\"><\/span> <img loading=\"lazy\" decoding=\"async\" width=\"1024\" height=\"576\" src=\"https:\/\/financas.es\/wp-content\/uploads\/2020\/06\/shutterstock_1389400226-1024x576.jpg\" class=\"attachment-large size-large wp-image-79\" alt=\"\" srcset=\"https:\/\/financas.es\/wp-content\/uploads\/2020\/06\/shutterstock_1389400226-1024x576.jpg 1024w, https:\/\/financas.es\/wp-content\/uploads\/2020\/06\/shutterstock_1389400226-300x169.jpg 300w, https:\/\/financas.es\/wp-content\/uploads\/2020\/06\/shutterstock_1389400226-768x432.jpg 768w, https:\/\/financas.es\/wp-content\/uploads\/2020\/06\/shutterstock_1389400226-1536x864.jpg 1536w, https:\/\/financas.es\/wp-content\/uploads\/2020\/06\/shutterstock_1389400226.jpg 1920w\" sizes=\"(max-width: 1024px) 100vw, 1024px\" \/><\/div>\t\t<\/div>\n\t\t\t\t\t\t\t<div class=\"raven-post-content\">\n\t\t\t\t\t\t<h4 class=\"raven-post-title\"><a class=\"raven-post-title-link\" href=\"https:\/\/financas.es\/?p=93\">There Was No Obvious 2019 AwardsBait, And That\u2019s a Good<\/a><\/h4>\t\t<div class=\"raven-post-read-more\">\n\t\t\t<a class=\"raven-post-button\" href=\"https:\/\/financas.es\/?p=93\"><span class=\"raven-post-button-text\">&gt; Read More<\/span><\/a>\n\t\t<\/div>\n\t\t\t\t\t\t\t<\/div>\n\t\t\t\t\t\t\t\t<\/div>\n\t\t<\/div>\n\t\t\t\t<div class=\"raven-grid-item raven-post-item post-96 post type-post status-publish format-standard has-post-thumbnail hentry category-design tag-branding tag-business tag-photography\">\n\t\t\t<div class=\"raven-post raven-post-inside\">\n\t\t\t\t\t\t<div class=\"raven-post-image-wrap\">\n\t\t\t<div class=\"raven-post-image raven-image-fit\" ><span class=\"raven-post-image-overlay\"><\/span> <img loading=\"lazy\" decoding=\"async\" width=\"1024\" height=\"576\" src=\"https:\/\/financas.es\/wp-content\/uploads\/2020\/06\/shutterstock_1354926146-1024x576.jpg\" class=\"attachment-large size-large wp-image-78\" alt=\"\" srcset=\"https:\/\/financas.es\/wp-content\/uploads\/2020\/06\/shutterstock_1354926146-1024x576.jpg 1024w, https:\/\/financas.es\/wp-content\/uploads\/2020\/06\/shutterstock_1354926146-300x169.jpg 300w, https:\/\/financas.es\/wp-content\/uploads\/2020\/06\/shutterstock_1354926146-768x432.jpg 768w, https:\/\/financas.es\/wp-content\/uploads\/2020\/06\/shutterstock_1354926146-1536x864.jpg 1536w, https:\/\/financas.es\/wp-content\/uploads\/2020\/06\/shutterstock_1354926146.jpg 1920w\" sizes=\"(max-width: 1024px) 100vw, 1024px\" \/><\/div>\t\t<\/div>\n\t\t\t\t\t\t\t<div class=\"raven-post-content\">\n\t\t\t\t\t\t<h4 class=\"raven-post-title\"><a class=\"raven-post-title-link\" href=\"https:\/\/financas.es\/?p=96\">There Was No Obvious 2019 AwardsBait, And That\u2019s a Good<\/a><\/h4>\t\t<div class=\"raven-post-read-more\">\n\t\t\t<a class=\"raven-post-button\" href=\"https:\/\/financas.es\/?p=96\"><span class=\"raven-post-button-text\">&gt; Read More<\/span><\/a>\n\t\t<\/div>\n\t\t\t\t\t\t\t<\/div>\n\t\t\t\t\t\t\t\t<\/div>\n\t\t<\/div>\n\t\t\t\t<div class=\"raven-grid-item raven-post-item post-75 post type-post status-publish format-standard has-post-thumbnail hentry category-design tag-branding tag-business tag-photography\">\n\t\t\t<div class=\"raven-post raven-post-inside\">\n\t\t\t\t\t\t<div class=\"raven-post-image-wrap\">\n\t\t\t<div class=\"raven-post-image raven-image-fit\" ><span class=\"raven-post-image-overlay\"><\/span> <img loading=\"lazy\" decoding=\"async\" width=\"1024\" height=\"576\" src=\"https:\/\/financas.es\/wp-content\/uploads\/2020\/06\/shutterstock_1321326569-1-1024x576.jpg\" class=\"attachment-large size-large wp-image-44\" alt=\"\" srcset=\"https:\/\/financas.es\/wp-content\/uploads\/2020\/06\/shutterstock_1321326569-1-1024x576.jpg 1024w, https:\/\/financas.es\/wp-content\/uploads\/2020\/06\/shutterstock_1321326569-1-300x169.jpg 300w, https:\/\/financas.es\/wp-content\/uploads\/2020\/06\/shutterstock_1321326569-1-768x432.jpg 768w, https:\/\/financas.es\/wp-content\/uploads\/2020\/06\/shutterstock_1321326569-1-1536x864.jpg 1536w, https:\/\/financas.es\/wp-content\/uploads\/2020\/06\/shutterstock_1321326569-1.jpg 1920w\" sizes=\"(max-width: 1024px) 100vw, 1024px\" \/><\/div>\t\t<\/div>\n\t\t\t\t\t\t\t<div class=\"raven-post-content\">\n\t\t\t\t\t\t<h4 class=\"raven-post-title\"><a class=\"raven-post-title-link\" href=\"https:\/\/financas.es\/?p=75\">There Was No Obvious 2019 AwardsBait, And That\u2019s a Good<\/a><\/h4>\t\t<div class=\"raven-post-read-more\">\n\t\t\t<a class=\"raven-post-button\" href=\"https:\/\/financas.es\/?p=75\"><span class=\"raven-post-button-text\">&gt; Read More<\/span><\/a>\n\t\t<\/div>\n\t\t\t\t\t\t\t<\/div>\n\t\t\t\t\t\t\t\t<\/div>\n\t\t<\/div>\n\t\t\t\t<\/div>\n\t\t\t\t<\/div>\n\t\t\t\t<\/div>\n\t\t\t\t\t<\/div>\n\t\t<\/div>\n\t\t\t\t\t<\/div>\n\t\t<\/section>\n\t\t\t\t<\/div>\n\t\t","protected":false},"excerpt":{"rendered":"<p>Blog Consulta nuestras \u00faltimas noticias y art\u00edculos sobre finanzas y emprendimiento. \u00daltimas Noticias Con las estrategias y consejos sobre negocios online, podr\u00e1s conseguir tus objetivos y construir una plataforma digital que te aporte valor. There Was No Obvious 2019 AwardsBait, And That\u2019s a Good &gt; Read More There Was No Obvious 2019 AwardsBait, And That\u2019s [&hellip;]<\/p>\n","protected":false},"author":1,"featured_media":0,"parent":0,"menu_order":0,"comment_status":"closed","ping_status":"closed","template":"full-width.php","meta":{"_acf_changed":false,"footnotes":""},"class_list":["post-105","page","type-page","status-publish","hentry"],"acf":[],"_links":{"self":[{"href":"https:\/\/financas.es\/index.php?rest_route=\/wp\/v2\/pages\/105","targetHints":{"allow":["GET"]}}],"collection":[{"href":"https:\/\/financas.es\/index.php?rest_route=\/wp\/v2\/pages"}],"about":[{"href":"https:\/\/financas.es\/index.php?rest_route=\/wp\/v2\/types\/page"}],"author":[{"embeddable":true,"href":"https:\/\/financas.es\/index.php?rest_route=\/wp\/v2\/users\/1"}],"replies":[{"embeddable":true,"href":"https:\/\/financas.es\/index.php?rest_route=%2Fwp%2Fv2%2Fcomments&post=105"}],"version-history":[{"count":6,"href":"https:\/\/financas.es\/index.php?rest_route=\/wp\/v2\/pages\/105\/revisions"}],"predecessor-version":[{"id":682,"href":"https:\/\/financas.es\/index.php?rest_route=\/wp\/v2\/pages\/105\/revisions\/682"}],"wp:attachment":[{"href":"https:\/\/financas.es\/index.php?rest_route=%2Fwp%2Fv2%2Fmedia&parent=105"}],"curies":[{"name":"wp","href":"https:\/\/api.w.org\/{rel}","templated":true}]}}